[INFO] fetching crate organix-derive 0.1.0...
[INFO] checking organix-derive-0.1.0 against try#72f88fc4e9458f89516a0b8b0868f3718aec5b47 for pr-74989
[INFO] extracting crate organix-derive 0.1.0 into /workspace/builds/worker-9/source
[INFO] validating manifest of crates.io crate organix-derive 0.1.0 on toolchain 72f88fc4e9458f89516a0b8b0868f3718aec5b47
[INFO] running `Command { std: "/workspace/cargo-home/bin/cargo" "+72f88fc4e9458f89516a0b8b0868f3718aec5b47" "read-manifest" "--manifest-path" "Cargo.toml", kill_on_drop: false }`
[INFO] started tweaking crates.io crate organix-derive 0.1.0
[INFO] finished tweaking crates.io crate organix-derive 0.1.0
[INFO] tweaked toml for crates.io crate organix-derive 0.1.0 written to /workspace/builds/worker-9/source/Cargo.toml
[INFO] running `Command { std: "/workspace/cargo-home/bin/cargo" "+72f88fc4e9458f89516a0b8b0868f3718aec5b47" "generate-lockfile" "--manifest-path" "Cargo.toml" "-Zno-index-update", kill_on_drop: false }`
[INFO] running `Command { std: "/workspace/cargo-home/bin/cargo" "+72f88fc4e9458f89516a0b8b0868f3718aec5b47" "fetch" "--locked" "--manifest-path" "Cargo.toml", kill_on_drop: false }`
[INFO] running `Command { std: "docker" "create" "-v" "/var/lib/crater-agent-workspace/builds/worker-9/target:/opt/rustwide/target:rw,Z" "-v" "/var/lib/crater-agent-workspace/builds/worker-9/source:/opt/rustwide/workdir:ro,Z" "-v" "/var/lib/crater-agent-workspace/cargo-home:/opt/rustwide/cargo-home:ro,Z" "-v" "/var/lib/crater-agent-workspace/rustup-home:/opt/rustwide/rustup-home:ro,Z" "-e" "SOURCE_DIR=/opt/rustwide/workdir" "-e" "CARGO_TARGET_DIR=/opt/rustwide/target" "-e" "CARGO_HOME=/opt/rustwide/cargo-home" "-e" "RUSTUP_HOME=/opt/rustwide/rustup-home" "-w" "/opt/rustwide/workdir" "-m" "1610612736" "--user" "0:0" "--network" "none" "rustops/crates-build-env@sha256:d92eaeed33fa75130ca1ee6c8a01d1ffb62bac859dfdfb3450e3e5d1c0146529" "/opt/rustwide/cargo-home/bin/cargo" "+72f88fc4e9458f89516a0b8b0868f3718aec5b47" "metadata" "--no-deps" "--format-version=1", kill_on_drop: false }`
[INFO] [stdout] 744413dd6e562476ff57b514aaa0e4ca0ef3ef1ee30c9776de76252a29c71e21
[INFO] [stderr] WARNING: Your kernel does not support swap limit capabilities or the cgroup is not mounted. Memory limited without swap.
[INFO] running `Command { std: "docker" "start" "-a" "744413dd6e562476ff57b514aaa0e4ca0ef3ef1ee30c9776de76252a29c71e21", kill_on_drop: false }`
[INFO] running `Command { std: "docker" "inspect" "744413dd6e562476ff57b514aaa0e4ca0ef3ef1ee30c9776de76252a29c71e21", kill_on_drop: false }`
[INFO] running `Command { std: "docker" "rm" "-f" "744413dd6e562476ff57b514aaa0e4ca0ef3ef1ee30c9776de76252a29c71e21", kill_on_drop: false }`
[INFO] [stdout] 744413dd6e562476ff57b514aaa0e4ca0ef3ef1ee30c9776de76252a29c71e21
[INFO] running `Command { std: "docker" "create" "-v" "/var/lib/crater-agent-workspace/builds/worker-9/target:/opt/rustwide/target:rw,Z" "-v" "/var/lib/crater-agent-workspace/builds/worker-9/source:/opt/rustwide/workdir:ro,Z" "-v" "/var/lib/crater-agent-workspace/cargo-home:/opt/rustwide/cargo-home:ro,Z" "-v" "/var/lib/crater-agent-workspace/rustup-home:/opt/rustwide/rustup-home:ro,Z" "-e" "SOURCE_DIR=/opt/rustwide/workdir" "-e" "CARGO_TARGET_DIR=/opt/rustwide/target" "-e" "CARGO_INCREMENTAL=0" "-e" "RUST_BACKTRACE=full" "-e" "RUSTFLAGS=--cap-lints=forbid" "-e" "CARGO_HOME=/opt/rustwide/cargo-home" "-e" "RUSTUP_HOME=/opt/rustwide/rustup-home" "-w" "/opt/rustwide/workdir" "-m" "1610612736" "--user" "0:0" "--network" "none" "rustops/crates-build-env@sha256:d92eaeed33fa75130ca1ee6c8a01d1ffb62bac859dfdfb3450e3e5d1c0146529" "/opt/rustwide/cargo-home/bin/cargo" "+72f88fc4e9458f89516a0b8b0868f3718aec5b47" "check" "--frozen" "--all" "--all-targets" "--message-format=json", kill_on_drop: false }`
[INFO] [stdout] 29a0f24d0dd8184010cfd8fa448f32c4b0917edaab07fb8e09dd980979a5ecf7
[INFO] [stderr] WARNING: Your kernel does not support swap limit capabilities or the cgroup is not mounted. Memory limited without swap.
[INFO] running `Command { std: "docker" "start" "-a" "29a0f24d0dd8184010cfd8fa448f32c4b0917edaab07fb8e09dd980979a5ecf7", kill_on_drop: false }`
[INFO] [stderr]    Compiling version_check v0.9.2
[INFO] [stderr]    Compiling syn v1.0.40
[INFO] [stderr]     Checking proc-macro2 v1.0.21
[INFO] [stderr]    Compiling proc-macro-error-attr v1.0.4
[INFO] [stderr]    Compiling proc-macro-error v1.0.4
[INFO] [stderr]     Checking quote v1.0.7
[INFO] [stderr]     Checking organix-derive v0.1.0 (/opt/rustwide/workdir)
[INFO] [stdout] error[E0599]: no function or associated item named `new_spanned` found for struct `syn::Error` in the current scope
[INFO] [stdout]   --> src/ast.rs:37:29
[INFO] [stdout]    |
[INFO] [stdout] 37 |             _ => Err(Error::new_spanned(node, "only structure are supported")),
[INFO] [stdout]    |                             ^^^^^^^^^^^ function or associated item not found in `syn::Error`
[INFO] [stdout] 
[INFO] [stdout] 
[INFO] [stdout] error[E0599]: no function or associated item named `new_spanned` found for struct `syn::Error` in the current scope
[INFO] [stdout]   --> src/ast.rs:37:29
[INFO] [stdout]    |
[INFO] [stdout] 37 |             _ => Err(Error::new_spanned(node, "only structure are supported")),
[INFO] [stdout]    |                             ^^^^^^^^^^^ function or associated item not found in `syn::Error`
[INFO] [stdout] 
[INFO] [stdout] 
[INFO] [stdout] error[E0599]: no function or associated item named `new_spanned` found for struct `syn::Error` in the current scope
[INFO] [stdout]   --> src/ast.rs:74:39
[INFO] [stdout]    |
[INFO] [stdout] 74 |                 .ok_or_else(|| Error::new_spanned(node, "unnamed fields are not supported"))?,
[INFO] [stdout]    |                                       ^^^^^^^^^^^ function or associated item not found in `syn::Error`
[INFO] [stdout] 
[INFO] [stdout] 
[INFO] [stdout] error[E0599]: no function or associated item named `new_spanned` found for struct `syn::Error` in the current scope
[INFO] [stdout]    --> src/ast.rs:124:55
[INFO] [stdout]     |
[INFO] [stdout] 124 | ...                   return Err(Error::new_spanned(
[INFO] [stdout]     |                                         ^^^^^^^^^^^ function or associated item not found in `syn::Error`
[INFO] [stdout] 
[INFO] [stdout] 
[INFO] [stdout] error[E0599]: no function or associated item named `new_spanned` found for struct `syn::Error` in the current scope
[INFO] [stdout]    --> src/ast.rs:133:55
[INFO] [stdout]     |
[INFO] [stdout] 133 | ...                   return Err(Error::new_spanned(
[INFO] [stdout]     |                                         ^^^^^^^^^^^ function or associated item not found in `syn::Error`
[INFO] [stdout] 
[INFO] [stdout] 
[INFO] [stdout] error[E0599]: no function or associated item named `new_spanned` found for struct `syn::Error` in the current scope
[INFO] [stdout]    --> src/ast.rs:142:55
[INFO] [stdout]     |
[INFO] [stdout] 142 | ...                   return Err(Error::new_spanned(
[INFO] [stdout]     |                                         ^^^^^^^^^^^ function or associated item not found in `syn::Error`
[INFO] [stdout] 
[INFO] [stdout] 
[INFO] [stdout] error[E0599]: no function or associated item named `new_spanned` found for struct `syn::Error` in the current scope
[INFO] [stdout]    --> src/ast.rs:151:55
[INFO] [stdout]     |
[INFO] [stdout] 151 | ...                   return Err(Error::new_spanned(
[INFO] [stdout]     |                                         ^^^^^^^^^^^ function or associated item not found in `syn::Error`
[INFO] [stdout] 
[INFO] [stdout] 
[INFO] [stdout] error[E0599]: no function or associated item named `new_spanned` found for struct `syn::Error` in the current scope
[INFO] [stdout]   --> src/ast.rs:74:39
[INFO] [stdout]    |
[INFO] [stdout] 74 |                 .ok_or_else(|| Error::new_spanned(node, "unnamed fields are not supported"))?,
[INFO] [stdout]    |                                       ^^^^^^^^^^^ function or associated item not found in `syn::Error`
[INFO] [stdout] 
[INFO] [stdout] 
[INFO] [stdout] error[E0599]: no function or associated item named `new_spanned` found for struct `syn::Error` in the current scope
[INFO] [stdout]    --> src/ast.rs:157:52
[INFO] [stdout]     |
[INFO] [stdout] 157 | ...                   _ => return Err(Error::new_spanned(element, "unexpected attribute")),
[INFO] [stdout]     |                                              ^^^^^^^^^^^ function or associated item not found in `syn::Error`
[INFO] [stdout] 
[INFO] [stdout] 
[INFO] [stdout] error[E0599]: no function or associated item named `new_spanned` found for struct `syn::Error` in the current scope
[INFO] [stdout]    --> src/ast.rs:161:44
[INFO] [stdout]     |
[INFO] [stdout] 161 |                 other => return Err(Error::new_spanned(other, "expected #[runtime(...)]")),
[INFO] [stdout]     |                                            ^^^^^^^^^^^ function or associated item not found in `syn::Error`
[INFO] [stdout] 
[INFO] [stdout] 
[INFO] [stdout] error[E0599]: no function or associated item named `new_spanned` found for struct `syn::Error` in the current scope
[INFO] [stdout]    --> src/ast.rs:124:55
[INFO] [stdout]     |
[INFO] [stdout] 124 | ...                   return Err(Error::new_spanned(
[INFO] [stdout]     |                                         ^^^^^^^^^^^ function or associated item not found in `syn::Error`
[INFO] [stdout] 
[INFO] [stdout] 
[INFO] [stdout] error[E0599]: no function or associated item named `new_spanned` found for struct `syn::Error` in the current scope
[INFO] [stdout]    --> src/ast.rs:133:55
[INFO] [stdout]     |
[INFO] [stdout] 133 | ...                   return Err(Error::new_spanned(
[INFO] [stdout]     |                                         ^^^^^^^^^^^ function or associated item not found in `syn::Error`
[INFO] [stdout] 
[INFO] [stdout] 
[INFO] [stdout] error[E0599]: no function or associated item named `new_spanned` found for struct `syn::Error` in the current scope
[INFO] [stdout]    --> src/ast.rs:142:55
[INFO] [stdout]     |
[INFO] [stdout] 142 | ...                   return Err(Error::new_spanned(
[INFO] [stdout]     |                                         ^^^^^^^^^^^ function or associated item not found in `syn::Error`
[INFO] [stdout] 
[INFO] [stdout] 
[INFO] [stdout] error[E0599]: no function or associated item named `new_spanned` found for struct `syn::Error` in the current scope
[INFO] [stdout]    --> src/ast.rs:151:55
[INFO] [stdout]     |
[INFO] [stdout] 151 | ...                   return Err(Error::new_spanned(
[INFO] [stdout]     |                                         ^^^^^^^^^^^ function or associated item not found in `syn::Error`
[INFO] [stdout] 
[INFO] [stdout] 
[INFO] [stdout] error[E0599]: no function or associated item named `new_spanned` found for struct `syn::Error` in the current scope
[INFO] [stdout]    --> src/ast.rs:157:52
[INFO] [stdout]     |
[INFO] [stdout] 157 | ...                   _ => return Err(Error::new_spanned(element, "unexpected attribute")),
[INFO] [stdout]     |                                              ^^^^^^^^^^^ function or associated item not found in `syn::Error`
[INFO] [stdout] 
[INFO] [stdout] 
[INFO] [stdout] error[E0599]: no function or associated item named `new_spanned` found for struct `syn::Error` in the current scope
[INFO] [stdout]    --> src/ast.rs:161:44
[INFO] [stdout]     |
[INFO] [stdout] 161 |                 other => return Err(Error::new_spanned(other, "expected #[runtime(...)]")),
[INFO] [stdout]     |                                            ^^^^^^^^^^^ function or associated item not found in `syn::Error`
[INFO] [stdout] 
[INFO] [stdout] 
[INFO] [stdout] error: aborting due to 8 previous errors
[INFO] [stdout] 
[INFO] [stdout] 
[INFO] [stdout] For more information about this error, try `rustc --explain E0599`.
[INFO] [stdout] 
[INFO] [stderr] error: could not compile `organix-derive`.
[INFO] [stderr] 
[INFO] [stderr] To learn more, run the command again with --verbose.
[INFO] [stderr] warning: build failed, waiting for other jobs to finish...
[INFO] [stdout] error: aborting due to 8 previous errors
[INFO] [stdout] 
[INFO] [stdout] 
[INFO] [stdout] For more information about this error, try `rustc --explain E0599`.
[INFO] [stdout] 
[INFO] [stderr] error: build failed
[INFO] running `Command { std: "docker" "inspect" "29a0f24d0dd8184010cfd8fa448f32c4b0917edaab07fb8e09dd980979a5ecf7", kill_on_drop: false }`
[INFO] running `Command { std: "docker" "rm" "-f" "29a0f24d0dd8184010cfd8fa448f32c4b0917edaab07fb8e09dd980979a5ecf7", kill_on_drop: false }`
[INFO] [stdout] 29a0f24d0dd8184010cfd8fa448f32c4b0917edaab07fb8e09dd980979a5ecf7
